 to base 10
-14610
-8d6d14 (base 15) to base 2
-11001110001011111011111
What is -1101122220221 (base 3) in base 12?
-2b9021
-21332220030 (base 4) to base 12
-a61950
10b2e (base 15) to base 13
1b260
35054040 (base 6) to base 11
678843
What is 1e96 (base 16) in base 11?
5979
Convert 9623580 (base 10) to base 12.
3281250
What is c772a (base 14) in base 11?
2a9928
4a076 (base 11) to base 16
11915
43355304 (base 6) to base 15
1a7677
Convert 14a4e (base 16) to base 11.
58591
Convert -1bd5d (base 16) to base 6.
-2235501
What is 1d804 (base 16) in base 3?
20010202102
Convert -2532321 (base 7) to base 5.
-40434014
Convert -15163b (base 12) to base 2.
-1010110101101001111
1906bb (base 14) to base 9
1587772
-4b128 (base 13) to base 5
-13413424
84d8 (base 15) to base 12
1431b
-243342 (base 5) to base 4
-2100012
What is -2424343122 (base 5) in base 11?
-3243375
What is 101101001001010110101 (base 2) in base 9?
2704251
Convert -1078462 (base 10) to base 3.
-2000210101001
Convert 8342912 (base 10) to base 2.
11111110100110110000000
-2100100110 (base 3) to base 6
-553450
What is -26426 (base 8) in base 10?
-11542
Convert -652ce1 (base 16) to base 10.
-6630625
Convert -4240354 (base 8) to base 6.
-40122512
Convert 12a8db8 (base 14) to base 16.
898af6
Convert 2012000100211 (base 3) to base 10.
1161562
What is -762751 (base 8) in base 13?
-8c382
What is -39c584 (base 13) in base 8?
-5252745
What is 3205231 (base 6) in base 12?
76817
Convert -37137723 (base 8) to base 12.
-28a3297
What is -16eb47 (base 15) in base 2?
-100001111101101010101
Convert -314023421 (base 5) to base 6.
-44100232
What is -1acf5 (base 16) in base 15?
-2280d
Convert -10b7ca4 (base 14) to base 3.
-120000010000112
Convert -1020121121000 (base 3) to base 8.
-2414203
Convert -33cd93 (base 16) to base 5.
-1332114323
Convert -1503105 (base 7) to base 12.
-99413
Convert -475571 (base 9) to base 8.
-1057035
-2671345 (base 9) to base 5
-333322431
-6404 (base 14) to base 2
-100001101100100
a7573a (base 11) to base 2
110100100000011011110
5297aa (base 14) to base 15
3a249a
What is 11a079d (base 14) in base 7?
131564256
What is -2266200 (base 7) in base 9?
-474533
-17 (base 11) to base 7
-24
4b3ab (base 14) to base 10
184587
167032 (base 11) to base 5
31230444
9c4e56 (base 15) to base 12
25b83a6
Convert 223123010322 (base 4) to base 13.
248727c
Convert -106818 (base 14) to base 11.
-34a704
Convert -49b099 (base 16) to base 9.
-10070540
What is -1001101000001011100110 (base 2) in base 10?
-2523878
-20b276c (base 13) to base 4
-212002323100
Convert -8a9a1 (base 12) to base 2.
-101101000100001001
What is -1333672 (base 12) in base 11?
-2166683
-2221102022121 (base 3) to base 4
-11331221020
7b720 (base 12) to base 13
5a261
Convert 201010101120 (base 3) to base 12.
161a29
-5653 (base 10) to base 11
-427a
-121220002 (base 4) to base 2
-11001101000000010
What is 190669 (base 12) in base 10?
436401
What is 6d1bd1 (base 15) in base 3?
100211020001221
Convert -310073 (base 8) to base 5.
-11234314
6d63 (base 15) to base 4
11223210
What is 494225 (base 10) in base 15?
9b685
What is 340442210 (base 5) in base 7?
15514150
-21d321 (base 16) to base 14
-419bc5
-120640 (base 10) to base 15
-25b2a
What is -a5a9a (base 11) in base 3?
-21211202221
What is 10234043 (base 5) in base 16?
152f5
Convert -87815 (base 10) to base 7.
-514010
-2b44b3 (base 13) to base 2
-100000100010101111111
What is -35780 (base 15) in base 7?
-1306632
302354115 (base 6) to base 9
10638122
Convert 131121121220 (base 4) to base 13.
179a7bb
Convert 22312013023 (base 4) to base 13.
7870c9
-14303034 (base 6) to base 14
-caabc
Convert 101100222100 (base 3) to base 11.
12a388
-420423020 (base 6) to base 7
-116104542
Convert 232220323 (base 5) to base 10.
1054463
-215104521 (base 6) to base 4
-32303211001
What is -aa70 (base 14) in base 2?
-111001100111010
-1001011101101000 (base 2) to base 16
-9768
What is 3000014 (base 5) in base 4?
23130210
What is 2440344 (base 5) in base 11?
31906
-8819063 (base 10) to base 2
-100001101001000101110111
Convert 2122335 (base 6) to base 4.
121130303
What is -203204311 (base 6) in base 8?
-15322523
-9286 (base 15) to base 8
-74347
Convert -1ec49 (base 16) to base 15.
-2751a
10111101011100000011010 (base 2) to base 13
13945b1
Convert 65a2a20 (base 11) to base 6.
1052145525
Convert -133322132 (base 4) to base 12.
-63792
Convert 18b9e (base 15) to base 9.
132065
4b6a0 (base 12) to base 7
606051
What is 21120001002 (base 3) in base 2?
100100010100001001
73d52 (base 14) to base 6
5555112
Convert -a5a30 (base 13) to base 16.
-48d54
What is -3343450 (base 6) in base 3?
-22121020110
-27716420 (base 8) to base 4
-113321310100
550242 (base 6) to base 10
45458
Convert 27505b5 (base 13) to base 2.
101111010010011110110011
Convert -61621 (base 9) to base 6.
-511544
Convert -10810434 (base 9) to base 4.
-110010233011
10101100110011111110011 (base 2) to base 14
a75951
What is -260361 (base 8) in base 11?
-6197a
-169397a (base 13) to base 9
-14685823
Convert -392c5 (base 13) to base 11.
-72673
Convert -38326 (base 11) to base 10.
-54962
114b103 (base 12) to base 10
3336915
What is -266531 (base 14) in base 12?
-539ba7
What is -1104a (base 13) in base 3?
-1120021111
What is 202353 (base 7) in base 16?
86b5
Convert -76e98 (base 16) to base 9.
-822112
What is 1002312023 (base 4) in base 7?
2220155
Convert 1685273 (base 12) to base 7.
54362106
Convert b3466 (base 12) to base 16.
391ce
-681a (base 11) to base 6
-105315
Convert 87084 (base 12) to base 6.
3452244
What is 10001122111 (base 3) in base 15?
12cba
What is 2d1607 (base 14) in base 11?
98934a
10712c (base 13) to base 11
244739
Convert -10911 (base 13) to base 12.
-15500
What is -1c7cb6b (base 13) in base 4?
-210101322210
Convert -a60bcd (base 14) to base 6.
-320133105
What is -130163644 (base 7) in base 2?
-11111100010100011011110
What is -3d7ab (base 15) in base 3?
-101000220022
Convert 238873 (base 12) to base 13.
1718ca
Convert -202364 (base 7) to base 14.
-c7db
What is 12213413141 (base 5) in base 13?
303b833
What is -110010010100000101010 (base 2) in base 6?
-55200442
Convert -51a956 (base 13) to base 4.
-13101331230
-5415602 (base 8) to base 6
-51015322
-120134023 (base 5) to base 13
-164575
What is -10303403 (base 7) in base 11?
-5485aa
What is 57855 (base 13) in base 4?
212331312
1a9135 (base 11) to base 15
64a69
What is 100100011100000000111010 (base 2) in base 15?
c8a305
Convert 15024234 (base 6) to base 8.
1761236
-166363 (base 7) to base 8
-101267
What is 110110210 (base 3) in base 2?
10001110000101
What is 14342132 (base 5) in base 3?
21202120222
Convert -1202110213 (base 4) to base 9.
-673384
Convert 6411653 (base 8) to base 4.
12201032223
11b56e (base 15) to base 9
1532645
-15132528 (base 9) to base 7
-120632342
What is -110032003331 (base 4) in base 7?
-63024200
4344223 (base 7) to base 14
dbcba
What is -343131210 (base 5) in base 6?
-52533034
Convert 8712 (base 9) to base 6.
45402
Convert -1111001111100110 (base 2) to base 15.
-13778
Convert -33230244 (base 5) to base 6.
-10112013
What is -113101323 (base 4) in base 15?
-1d3c0
What is d435 (base 16) in base 2?
1101010000110101
6a5361 (base 11) to base 3
2002220002010
-212120220122 (base 3) to base 16
-715b5
Convert -1010001011101001010 (base 2) to base 12.
-1410b6
8087b2 (base 14) to base 16
4202b8
Convert -2437972 (base 10) to base 3.
-11120212021021
30223232 (base 4) to base 11
36038
1565516 (base 9) to base 2
11010100011011100101
1010000110010001 (base 2) to base 10
41361
What is -127c9 (base 15) in base 10?
-59139
What is 27261b5 (base 12) in base 8?
35477631
Convert 11321112303 (base 4) to base 16.
1795b3
What is 1700721 (base 8) in base 11?
3066aa
What is 2922a (base 11) in base 9?
62870
What is 1107606 (base 8) in base 7?
2353250
-38a39 (base 12) to base 4
-102323031
What is -aa1d (base 15) in base 7?
-210016
313258 (base 9) to base 12
8b852
-322a0 (base 11) to base 3
-2101101102
Convert -212514 (base 7) to base 15.
-ae3c
Convert -23252 (base 6) to base 2.
-110100010000
Convert 1143211004 (base 6) to base 15.
1226e47
What is 620793 (base 12) in base 11?
959785
10a6e (base 16) to base 7
402565
What is 100111110000001101010 (base 2) in base 16?
13e06a
-2026655 (base 11) to base 9
-6657404
Convert -d956b (